CRAN Package Check Results for Package ICCbin

Last updated on 2022-07-02 03:51:30 CEST.

Flavor Version Tinstall Tcheck Ttotal Status Flags
r-devel-linux-x86_64-debian-clang 1.1.1 3.65 34.95 38.60 NOTE
r-devel-linux-x86_64-debian-gcc 1.1.1 2.84 27.11 29.95 NOTE
r-devel-linux-x86_64-fedora-clang 1.1.1 61.26 NOTE
r-devel-linux-x86_64-fedora-gcc 1.1.1 56.19 NOTE
r-devel-windows-x86_64 1.1.1 14.00 58.00 72.00 NOTE
r-patched-linux-x86_64 1.1.1 3.25 33.94 37.19 NOTE
r-release-linux-x86_64 1.1.1 3.76 34.10 37.86 NOTE
r-release-macos-arm64 1.1.1 17.00 NOTE
r-release-macos-x86_64 1.1.1 25.00 NOTE
r-release-windows-x86_64 1.1.1 8.00 61.00 69.00 NOTE
r-oldrel-macos-arm64 1.1.1 20.00 NOTE
r-oldrel-macos-x86_64 1.1.1 45.00 NOTE
r-oldrel-windows-ix86+x86_64 1.1.1 8.00 54.00 62.00 NOTE

Check Details

Version: 1.1.1
Check: LazyData
Result: NOTE
     'LazyData' is specified without a 'data' directory
Flavors: r-devel-linux-x86_64-debian-clang, r-devel-linux-x86_64-debian-gcc, r-devel-linux-x86_64-fedora-clang, r-devel-linux-x86_64-fedora-gcc, r-devel-windows-x86_64, r-patched-linux-x86_64, r-release-linux-x86_64, r-release-macos-arm64, r-release-macos-x86_64, r-release-windows-x86_64, r-oldrel-macos-arm64, r-oldrel-macos-x86_64, r-oldrel-windows-ix86+x86_64