CRAN Package Check Results for Package ICAOD

Last updated on 2022-06-25 15:51:23 CEST.

Flavor Version Tinstall Tcheck Ttotal Status Flags
r-devel-linux-x86_64-debian-clang 1.0.1 145.94 128.56 274.50 NOTE
r-devel-linux-x86_64-debian-gcc 1.0.1 114.46 91.14 205.60 NOTE
r-devel-linux-x86_64-fedora-clang 1.0.1 413.58 NOTE
r-devel-linux-x86_64-fedora-gcc 1.0.1 346.23 NOTE
r-devel-windows-x86_64 1.0.1 134.00 172.00 306.00 NOTE
r-patched-linux-x86_64 1.0.1 124.99 121.30 246.29 NOTE
r-release-linux-x86_64 1.0.1 108.55 119.40 227.95 NOTE
r-release-macos-arm64 1.0.1 79.00 NOTE
r-release-macos-x86_64 1.0.1 132.00 NOTE
r-release-windows-x86_64 1.0.1 136.00 174.00 310.00 NOTE
r-oldrel-macos-arm64 1.0.1 93.00 NOTE
r-oldrel-macos-x86_64 1.0.1 117.00 NOTE
r-oldrel-windows-ix86+x86_64 1.0.1 343.00 227.00 570.00 NOTE

Check Details

Version: 1.0.1
Check: LazyData
Result: NOTE
     'LazyData' is specified without a 'data' directory
Flavors: r-devel-linux-x86_64-debian-clang, r-devel-linux-x86_64-debian-gcc, r-devel-linux-x86_64-fedora-clang, r-devel-linux-x86_64-fedora-gcc, r-devel-windows-x86_64, r-patched-linux-x86_64, r-release-linux-x86_64, r-release-macos-arm64, r-release-macos-x86_64, r-release-windows-x86_64, r-oldrel-macos-arm64, r-oldrel-macos-x86_64, r-oldrel-windows-ix86+x86_64

Version: 1.0.1
Check: installed package size
Result: NOTE
     installed size is 6.3Mb
     sub-directories of 1Mb or more:
     libs 5.5Mb
Flavors: r-devel-linux-x86_64-fedora-clang, r-release-macos-arm64, r-release-macos-x86_64, r-oldrel-macos-arm64, r-oldrel-macos-x86_64