CRAN Package Check Results for Package HydeNet

Last updated on 2020-10-23 15:48:08 CEST.

Flavor Version Tinstall Tcheck Ttotal Status Flags
r-devel-linux-x86_64-debian-clang 0.10.11 9.39 112.74 122.13 OK
r-devel-linux-x86_64-debian-gcc 0.10.11 7.80 83.48 91.28 OK
r-devel-linux-x86_64-fedora-clang 0.10.11 148.54 NOTE
r-devel-linux-x86_64-fedora-gcc 0.10.11 140.75 NOTE
r-devel-windows-ix86+x86_64 0.10.11 18.00 126.00 144.00 OK
r-patched-linux-x86_64 0.10.11 9.32 105.58 114.90 OK
r-patched-solaris-x86 0.10.11 207.30 NOTE
r-release-linux-x86_64 0.10.11 10.03 105.37 115.40 OK
r-release-macos-x86_64 0.10.11 NOTE
r-release-windows-ix86+x86_64 0.10.11 32.00 137.00 169.00 OK
r-oldrel-macos-x86_64 0.10.11 NOTE
r-oldrel-windows-ix86+x86_64 0.10.11 16.00 135.00 151.00 OK

Check Details

Version: 0.10.11
Check: dependencies in R code
Result: NOTE
    Namespace in Imports field not imported from: ‘graph’
     All declared Imports should be used.
Flavors: r-devel-linux-x86_64-fedora-clang, r-devel-linux-x86_64-fedora-gcc, r-patched-solaris-x86, r-release-macos-x86_64, r-oldrel-macos-x86_64