CRAN Package Check Results for Package HotellingEllipse

Last updated on 2024-07-18 03:56:37 CEST.

Flavor Version Tinstall Tcheck Ttotal Status Flags
r-devel-linux-x86_64-debian-clang 1.2.0 10.40 122.20 132.60 OK
r-devel-linux-x86_64-debian-gcc 1.2.0 8.10 90.16 98.26 OK
r-devel-linux-x86_64-fedora-clang 1.2.0 175.17 OK
r-devel-linux-x86_64-fedora-gcc 1.2.0 173.80 OK
r-devel-windows-x86_64 1.2.0 14.00 106.00 120.00 OK
r-patched-linux-x86_64 1.2.0 9.21 116.54 125.75 OK
r-release-linux-x86_64 1.2.0 8.31 113.59 121.90 OK
r-release-macos-arm64 1.2.0 61.00 OK
r-release-macos-x86_64 1.2.0 164.00 NOTE
r-release-windows-x86_64 1.2.0 13.00 104.00 117.00 OK
r-oldrel-macos-arm64 1.2.0 102.00 OK
r-oldrel-macos-x86_64 1.2.0 129.00 NOTE
r-oldrel-windows-x86_64 1.2.0 16.00 126.00 142.00 OK

Check Details

Version: 1.2.0
Check: installed package size
Result: NOTE installed size is 5.7Mb sub-directories of 1Mb or more: data 3.1Mb help 2.0Mb Flavors: r-release-macos-x86_64, r-oldrel-macos-x86_64