CRAN Package Check Results for Package HiveR

Last updated on 2020-12-01 04:47:37 CET.

Flavor Version Tinstall Tcheck Ttotal Status Flags
r-devel-linux-x86_64-debian-clang 0.3.63 17.33 225.40 242.73 OK
r-devel-linux-x86_64-debian-gcc 0.3.63 10.96 172.22 183.18 OK
r-devel-linux-x86_64-fedora-clang 0.3.63 314.42 OK
r-devel-linux-x86_64-fedora-gcc 0.3.63 280.70 OK
r-devel-windows-ix86+x86_64 0.3.63 26.00 261.00 287.00 OK
r-patched-linux-x86_64 0.3.63 14.97 215.06 230.03 OK
r-patched-solaris-x86 0.3.63 405.40 OK
r-release-linux-x86_64 0.3.63 15.16 213.75 228.91 OK
r-release-macos-x86_64 0.3.63 OK
r-release-windows-ix86+x86_64 0.3.63 21.00 194.00 215.00 OK
r-oldrel-macos-x86_64 0.3.63 WARN
r-oldrel-windows-ix86+x86_64 0.3.63 14.00 267.00 281.00 OK

Check Details

Version: 0.3.63
Check: whether package can be installed
Result: WARN
    Found the following significant warnings:
     Warning: 'rgl.init' failed, running with 'rgl.useNULL = TRUE'.
Flavor: r-oldrel-macos-x86_64

Version: 0.3.63
Check: dependencies in R code
Result: NOTE
    No protocol specified
    No protocol specified
Flavor: r-oldrel-macos-x86_64

Version: 0.3.63
Check: S3 generic/method consistency
Result: WARN
    No protocol specified
    No protocol specified
    See section ‘Generic functions and methods’ in the ‘Writing R
    Extensions’ manual.
Flavor: r-oldrel-macos-x86_64

Version: 0.3.63
Check: replacement functions
Result: WARN
    No protocol specified
    No protocol specified
    The argument of a replacement function which corresponds to the right
    hand side must be named ‘value’.
Flavor: r-oldrel-macos-x86_64

Version: 0.3.63
Check: foreign function calls
Result: NOTE
    No protocol specified
    No protocol specified
    See chapter ‘System and foreign language interfaces’ in the ‘Writing R
    Extensions’ manual.
Flavor: r-oldrel-macos-x86_64

Version: 0.3.63
Check: R code for possible problems
Result: NOTE
    No protocol specified
    No protocol specified
Flavor: r-oldrel-macos-x86_64

Version: 0.3.63
Check: for missing documentation entries
Result: WARN
    No protocol specified
    No protocol specified
    All user-level objects in a package should have documentation entries.
    See chapter ‘Writing R documentation files’ in the ‘Writing R
    Extensions’ manual.
Flavor: r-oldrel-macos-x86_64

Version: 0.3.63
Check: for code/documentation mismatches
Result: WARN
    No protocol specified
    No protocol specified
    No protocol specified
    No protocol specified
    No protocol specified
    No protocol specified
Flavor: r-oldrel-macos-x86_64

Version: 0.3.63
Check: Rd \usage sections
Result: NOTE
    No protocol specified
    No protocol specified
    The \usage entries for S3 methods should use the \method markup and not
    their full name.
    See chapter ‘Writing R documentation files’ in the ‘Writing R
    Extensions’ manual.
Flavor: r-oldrel-macos-x86_64