CRAN Package Check Results for Package HiCfeat

Last updated on 2020-09-18 15:52:48 CEST.

Flavor Version Tinstall Tcheck Ttotal Status Flags
r-devel-linux-x86_64-debian-clang 1.4 33.52 288.42 321.94 OK
r-devel-linux-x86_64-debian-gcc 1.4 27.85 214.61 242.46 OK
r-devel-linux-x86_64-fedora-clang 1.4 418.73 OK
r-devel-linux-x86_64-fedora-gcc 1.4 420.75 OK
r-devel-windows-ix86+x86_64 1.4 78.00 323.00 401.00 OK
r-patched-linux-x86_64 1.4 29.97 271.93 301.90 OK
r-patched-solaris-x86 1.4 551.40 OK
r-release-linux-x86_64 1.4 32.67 274.00 306.67 OK
r-release-macos-x86_64 1.4 OK
r-release-windows-ix86+x86_64 1.4 77.00 250.00 327.00 OK
r-oldrel-macos-x86_64 1.4 ERROR
r-oldrel-windows-ix86+x86_64 1.4 43.00 284.00 327.00 OK

Check Details

Version: 1.4
Check: whether package can be installed
Result: ERROR
    Installation failed.
Flavor: r-oldrel-macos-x86_64