CRAN Package Check Results for Package Harvest.Tree

Last updated on 2021-09-19 03:51:06 CEST.

Flavor Version Tinstall Tcheck Ttotal Status Flags
r-devel-linux-x86_64-debian-clang 1.1 2.51 36.40 38.91 OK
r-devel-linux-x86_64-debian-gcc 1.1 2.34 26.53 28.87 OK
r-devel-linux-x86_64-fedora-clang 1.1 54.10 OK
r-devel-linux-x86_64-fedora-gcc 1.1 43.47 OK
r-devel-windows-x86_64 1.1 5.00 39.00 44.00 OK
r-devel-windows-x86_64-gcc10-UCRT 1.1 ERROR
r-patched-linux-x86_64 1.1 2.49 34.88 37.37 OK
r-patched-solaris-x86 1.1 63.00 OK
r-release-linux-x86_64 1.1 2.69 34.31 37.00 OK
r-release-macos-arm64 1.1 OK
r-release-macos-x86_64 1.1 OK
r-release-windows-ix86+x86_64 1.1 6.00 50.00 56.00 OK
r-oldrel-macos-x86_64 1.1 OK
r-oldrel-windows-ix86+x86_64 1.1 6.00 41.00 47.00 OK

Check Details

Version: 1.1
Check: whether package can be installed
Result: WARN
    Found the following significant warnings:
     WARNING: installation-time patches will not be applied, could not get the patches index
Flavor: r-devel-windows-x86_64-gcc10-UCRT

Version: 1.1
Check: PDF version of manual
Result: WARN
    LaTeX errors when creating PDF version.
    This typically indicates Rd problems.
Flavor: r-devel-windows-x86_64-gcc10-UCRT

Version: 1.1
Check: PDF version of manual without hyperrefs or index
Result: ERROR
    Re-running with no redirection of stdout/stderr.
Flavor: r-devel-windows-x86_64-gcc10-UCRT