CRAN Package Check Results for Package HaploSim

Last updated on 2020-10-31 03:52:43 CET.

Flavor Version Tinstall Tcheck Ttotal Status Flags
r-devel-linux-x86_64-debian-clang 1.8.4 3.99 31.23 35.22 NOTE
r-devel-linux-x86_64-debian-gcc 1.8.4 3.26 24.55 27.81 NOTE
r-devel-linux-x86_64-fedora-clang 1.8.4 51.87 NOTE
r-devel-linux-x86_64-fedora-gcc 1.8.4 44.26 NOTE
r-devel-windows-ix86+x86_64 1.8.4 10.00 48.00 58.00 NOTE
r-patched-linux-x86_64 1.8.4 3.45 29.59 33.04 NOTE
r-patched-solaris-x86 1.8.4 61.30 NOTE
r-release-linux-x86_64 1.8.4 3.61 29.42 33.03 NOTE
r-release-macos-x86_64 1.8.4 NOTE
r-release-windows-ix86+x86_64 1.8.4 7.00 49.00 56.00 NOTE
r-oldrel-macos-x86_64 1.8.4 NOTE
r-oldrel-windows-ix86+x86_64 1.8.4 6.00 36.00 42.00 NOTE

Check Details

Version: 1.8.4
Check: R code for possible problems
Result: NOTE
    AssignQTL : <anonymous>: no visible global function definition for
     'rgamma'
    AssignSingleQTL: no visible global function definition for 'rgamma'
    ListQTL : <anonymous>: no visible global function definition for
     'rgamma'
    SampleBaseHaplotype: no visible global function definition for 'runif'
    SampleHaplotype: no visible global function definition for 'rpois'
    SampleHaplotype: no visible global function definition for 'runif'
    SampleHaplotype: no visible global function definition for 'rbinom'
    Undefined global functions or variables:
     rbinom rgamma rpois runif
    Consider adding
     importFrom("stats", "rbinom", "rgamma", "rpois", "runif")
    to your NAMESPACE file.
Flavors: r-devel-linux-x86_64-debian-clang, r-devel-linux-x86_64-debian-gcc, r-devel-linux-x86_64-fedora-clang, r-devel-linux-x86_64-fedora-gcc, r-devel-windows-ix86+x86_64, r-patched-linux-x86_64, r-patched-solaris-x86, r-release-linux-x86_64, r-release-macos-x86_64, r-release-windows-ix86+x86_64, r-oldrel-macos-x86_64, r-oldrel-windows-ix86+x86_64