CRAN Package Check Results for Package Haplin

Last updated on 2022-10-04 03:56:43 CEST.

Flavor Version Tinstall Tcheck Ttotal Status Flags
r-devel-linux-x86_64-debian-clang 7.3.0 26.52 367.46 393.98 OK
r-devel-linux-x86_64-debian-gcc 7.3.0 18.50 265.93 284.43 OK
r-devel-linux-x86_64-fedora-clang 7.3.0 474.44 OK
r-devel-linux-x86_64-fedora-gcc 7.3.0 454.89 OK
r-devel-windows-x86_64 7.3.0 66.00 428.00 494.00 OK
r-patched-linux-x86_64 7.3.0 24.60 348.35 372.95 OK
r-release-linux-x86_64 7.3.0 20.05 343.67 363.72 OK
r-release-macos-arm64 7.3.0 138.00 NOTE
r-release-macos-x86_64 7.3.0 163.00 NOTE
r-release-windows-x86_64 7.3.0 66.00 429.00 495.00 OK
r-oldrel-macos-arm64 7.3.0 140.00 NOTE
r-oldrel-macos-x86_64 7.3.0 162.00 NOTE
r-oldrel-windows-ix86+x86_64 7.3.0 51.00 467.00 518.00 OK

Check Details

Version: 7.3.0
Check: package dependencies
Result: NOTE
    Package suggested but not available for checking: ‘Rmpi’
Flavors: r-release-macos-arm64, r-release-macos-x86_64, r-oldrel-macos-arm64, r-oldrel-macos-x86_64