CRAN Package Check Results for Package HSPOR

Last updated on 2020-07-13 15:48:30 CEST.

Flavor Version Tinstall Tcheck Ttotal Status Flags
r-devel-linux-x86_64-debian-clang 1.1.9 12.83 93.54 106.37 OK
r-devel-linux-x86_64-debian-gcc 1.1.9 11.18 70.11 81.29 OK
r-devel-linux-x86_64-fedora-clang 1.1.9 137.31 OK
r-devel-linux-x86_64-fedora-gcc 1.1.9 134.18 OK
r-devel-windows-ix86+x86_64 1.1.9 28.00 139.00 167.00 OK
r-patched-linux-x86_64 1.1.9 12.94 91.22 104.16 OK
r-patched-solaris-x86 1.1.9 174.30 OK
r-release-linux-x86_64 1.1.9 12.12 91.89 104.01 OK
r-release-macos-x86_64 1.1.9 ERROR
r-release-windows-ix86+x86_64 1.1.9 40.00 101.00 141.00 OK
r-oldrel-macos-x86_64 1.1.9 OK
r-oldrel-windows-ix86+x86_64 1.1.9 32.00 121.00 153.00 OK

Check Details

Version: 1.1.9
Check: whether package can be installed
Result: ERROR
    Installation failed.
Flavor: r-release-macos-x86_64