CRAN Package Check Results for Package HSAR

Last updated on 2020-12-01 04:47:37 CET.

Flavor Version Tinstall Tcheck Ttotal Status Flags
r-devel-linux-x86_64-debian-clang 0.5.1 201.08 199.34 400.42 OK
r-devel-linux-x86_64-debian-gcc 0.5.1 111.01 146.11 257.12 OK
r-devel-linux-x86_64-fedora-clang 0.5.1 483.81 NOTE
r-devel-linux-x86_64-fedora-gcc 0.5.1 436.09 OK
r-devel-windows-ix86+x86_64 0.5.1 356.00 301.00 657.00 OK
r-patched-linux-x86_64 0.5.1 239.76 184.54 424.30 OK
r-patched-solaris-x86 0.5.1 552.60 OK
r-release-linux-x86_64 0.5.1 234.51 183.37 417.88 OK
r-release-macos-x86_64 0.5.1 NOTE
r-release-windows-ix86+x86_64 0.5.1 265.00 220.00 485.00 OK
r-oldrel-macos-x86_64 0.5.1 NOTE
r-oldrel-windows-ix86+x86_64 0.5.1 277.00 288.00 565.00 OK

Check Details

Version: 0.5.1
Check: installed package size
Result: NOTE
     installed size is 11.1Mb
     sub-directories of 1Mb or more:
     libs 10.6Mb
Flavors: r-devel-linux-x86_64-fedora-clang, r-release-macos-x86_64, r-oldrel-macos-x86_64