CRAN Package Check Results for Package HRW

Last updated on 2022-10-01 03:54:10 CEST.

Flavor Version Tinstall Tcheck Ttotal Status Flags
r-devel-linux-x86_64-debian-clang 1.0-5 15.95 57.90 73.85 OK
r-devel-linux-x86_64-debian-gcc 1.0-5 15.03 45.29 60.32 OK
r-devel-linux-x86_64-fedora-clang 1.0-5 104.64 NOTE
r-devel-linux-x86_64-fedora-gcc 1.0-5 102.44 OK
r-devel-windows-x86_64 1.0-5 35.00 96.00 131.00 NOTE
r-patched-linux-x86_64 1.0-5 17.37 56.12 73.49 OK
r-release-linux-x86_64 1.0-5 16.56 56.38 72.94 OK
r-release-macos-arm64 1.0-5 35.00 NOTE
r-release-macos-x86_64 1.0-5 47.00 NOTE
r-release-windows-x86_64 1.0-5 48.00 94.00 142.00 NOTE
r-oldrel-macos-arm64 1.0-5 64.00 NOTE
r-oldrel-macos-x86_64 1.0-5 45.00 NOTE
r-oldrel-windows-ix86+x86_64 1.0-5 25.00 85.00 110.00 NOTE

Check Details

Version: 1.0-5
Check: installed package size
Result: NOTE
     installed size is 7.6Mb
     sub-directories of 1Mb or more:
     data 7.1Mb
Flavors: r-devel-linux-x86_64-fedora-clang, r-devel-windows-x86_64, r-release-macos-arm64, r-release-macos-x86_64, r-release-windows-x86_64, r-oldrel-macos-arm64, r-oldrel-macos-x86_64, r-oldrel-windows-ix86+x86_64