Last updated on 2023-09-28 15:58:23 CEST.
Flavor | Version | Tinstall | Tcheck | Ttotal | Status | Flags |
---|---|---|---|---|---|---|
r-devel-linux-x86_64-debian-clang | 1.0-5 | 15.65 | 53.09 | 68.74 | OK | |
r-devel-linux-x86_64-debian-gcc | 1.0-5 | 14.38 | 41.28 | 55.66 | OK | |
r-devel-linux-x86_64-fedora-clang | 1.0-5 | 88.05 | NOTE | |||
r-devel-linux-x86_64-fedora-gcc | 1.0-5 | 88.76 | OK | |||
r-devel-windows-x86_64 | 1.0-5 | 16.00 | 68.00 | 84.00 | NOTE | |
r-patched-linux-x86_64 | 1.0-5 | 16.65 | 52.39 | 69.04 | OK | |
r-release-linux-x86_64 | 1.0-5 | 16.44 | 51.89 | 68.33 | OK | |
r-release-macos-arm64 | 1.0-5 | 38.00 | NOTE | |||
r-release-macos-x86_64 | 1.0-5 | 58.00 | NOTE | |||
r-release-windows-x86_64 | 1.0-5 | 18.00 | 76.00 | 94.00 | NOTE | |
r-oldrel-macos-arm64 | 1.0-5 | 38.00 | NOTE | |||
r-oldrel-macos-x86_64 | 1.0-5 | 47.00 | NOTE | |||
r-oldrel-windows-x86_64 | 1.0-5 | 22.00 | 78.00 | 100.00 | NOTE |
Version: 1.0-5
Check: installed package size
Result: NOTE
installed size is 7.6Mb
sub-directories of 1Mb or more:
data 7.1Mb
Flavors: r-devel-linux-x86_64-fedora-clang, r-devel-windows-x86_64, r-release-macos-arm64, r-release-macos-x86_64, r-release-windows-x86_64, r-oldrel-macos-arm64, r-oldrel-macos-x86_64, r-oldrel-windows-x86_64