Last updated on 2023-03-26 15:52:34 CEST.
Flavor | Version | Tinstall | Tcheck | Ttotal | Status | Flags |
---|---|---|---|---|---|---|
r-devel-linux-x86_64-debian-clang | 1.0.4 | 11.11 | 89.35 | 100.46 | NOTE | |
r-devel-linux-x86_64-debian-gcc | 1.0.4 | 9.89 | 70.49 | 80.38 | NOTE | |
r-devel-linux-x86_64-fedora-gcc | 1.0.4 | 124.43 | NOTE | |||
r-devel-windows-x86_64 | 1.0.4 | 28.00 | 113.00 | 141.00 | NOTE | |
r-patched-linux-x86_64 | 1.0.4 | 11.93 | 86.15 | 98.08 | NOTE | |
r-release-linux-x86_64 | 1.0.4 | 11.64 | 87.76 | 99.40 | NOTE | |
r-release-macos-arm64 | 1.0.4 | 36.00 | NOTE | |||
r-release-macos-x86_64 | 1.0.4 | 50.00 | NOTE | |||
r-release-windows-x86_64 | 1.0.4 | 22.00 | 122.00 | 144.00 | NOTE | |
r-oldrel-macos-arm64 | 1.0.4 | 41.00 | NOTE | |||
r-oldrel-macos-x86_64 | 1.0.4 | 73.00 | NOTE | |||
r-oldrel-windows-ix86+x86_64 | 1.0.4 | 25.00 | 108.00 | 133.00 | NOTE |
Version: 1.0.4
Check: LazyData
Result: NOTE
'LazyData' is specified without a 'data' directory
Flavors: r-devel-linux-x86_64-debian-clang, r-devel-linux-x86_64-debian-gcc, r-devel-linux-x86_64-fedora-gcc, r-devel-windows-x86_64, r-patched-linux-x86_64, r-release-linux-x86_64, r-release-macos-arm64, r-release-macos-x86_64, r-release-windows-x86_64, r-oldrel-macos-arm64, r-oldrel-macos-x86_64, r-oldrel-windows-ix86+x86_64