CRAN Package Check Results for Package HMB

Last updated on 2021-10-18 15:52:09 CEST.

Flavor Version Tinstall Tcheck Ttotal Status Flags
r-devel-linux-x86_64-debian-clang 1.1 121.24 39.87 161.11 OK
r-devel-linux-x86_64-debian-gcc 1.1 85.54 32.05 117.59 OK
r-devel-linux-x86_64-fedora-clang 1.1 259.55 NOTE
r-devel-linux-x86_64-fedora-gcc 1.1 223.40 OK
r-devel-windows-x86_64 1.1 165.00 68.00 233.00 OK
r-devel-windows-x86_64-gcc10-UCRT 1.1 OK
r-patched-linux-x86_64 1.1 112.15 39.96 152.11 OK
r-patched-solaris-x86 1.1 235.70 OK
r-release-linux-x86_64 1.1 114.58 39.50 154.08 OK
r-release-macos-arm64 1.1 NOTE
r-release-macos-x86_64 1.1 NOTE
r-release-windows-ix86+x86_64 1.1 239.00 102.00 341.00 NOTE
r-oldrel-macos-x86_64 1.1 NOTE
r-oldrel-windows-ix86+x86_64 1.1 331.00 95.00 426.00 NOTE

Check Details

Version: 1.1
Check: installed package size
Result: NOTE
     installed size is 7.5Mb
     sub-directories of 1Mb or more:
     data 3.5Mb
     libs 3.8Mb
Flavors: r-devel-linux-x86_64-fedora-clang, r-release-macos-arm64, r-release-macos-x86_64, r-release-windows-ix86+x86_64, r-oldrel-macos-x86_64, r-oldrel-windows-ix86+x86_64