Last updated on 2021-01-26 15:49:47 CET.
Flavor | Version | Tinstall | Tcheck | Ttotal | Status | Flags |
---|---|---|---|---|---|---|
r-devel-linux-x86_64-debian-clang | 1.1 | 143.50 | 40.59 | 184.09 | OK | |
r-devel-linux-x86_64-debian-gcc | 1.1 | 88.00 | 32.77 | 120.77 | OK | |
r-devel-linux-x86_64-fedora-clang | 1.1 | 252.57 | NOTE | |||
r-devel-linux-x86_64-fedora-gcc | 1.1 | 222.76 | OK | |||
r-devel-windows-ix86+x86_64 | 1.1 | 322.00 | 90.00 | 412.00 | NOTE | |
r-patched-linux-x86_64 | 1.1 | 109.21 | 39.52 | 148.73 | OK | |
r-patched-solaris-x86 | 1.1 | 229.00 | OK | |||
r-release-linux-x86_64 | 1.1 | 105.66 | 40.02 | 145.68 | OK | |
r-release-macos-x86_64 | 1.1 | NOTE | ||||
r-release-windows-ix86+x86_64 | 1.1 | 316.00 | 77.00 | 393.00 | NOTE | |
r-oldrel-macos-x86_64 | 1.1 | NOTE | ||||
r-oldrel-windows-ix86+x86_64 | 1.1 | 246.00 | 84.00 | 330.00 | NOTE |
Version: 1.1
Check: installed package size
Result: NOTE
installed size is 8.4Mb
sub-directories of 1Mb or more:
data 3.5Mb
libs 4.6Mb
Flavors: r-devel-linux-x86_64-fedora-clang, r-devel-windows-ix86+x86_64, r-release-macos-x86_64, r-release-windows-ix86+x86_64, r-oldrel-macos-x86_64, r-oldrel-windows-ix86+x86_64