CRAN Package Check Results for Package HDXBoxeR

Last updated on 2025-01-18 04:48:26 CET.

Flavor Version Tinstall Tcheck Ttotal Status Flags
r-devel-linux-x86_64-debian-clang 0.0.2 9.92 132.03 141.95 OK
r-devel-linux-x86_64-debian-gcc 0.0.2 7.90 89.61 97.51 OK
r-devel-linux-x86_64-fedora-clang 0.0.2 239.07 OK
r-devel-linux-x86_64-fedora-gcc 0.0.2 233.54 OK
r-devel-windows-x86_64 0.0.2 14.00 132.00 146.00 OK
r-patched-linux-x86_64 0.0.2 11.75 123.59 135.34 OK
r-release-linux-x86_64 0.0.2 10.92 123.24 134.16 OK
r-release-macos-arm64 0.0.2 63.00 OK
r-release-macos-x86_64 0.0.2 210.00 OK
r-release-windows-x86_64 0.0.2 13.00 129.00 142.00 OK
r-oldrel-macos-arm64 0.0.2 66.00 OK
r-oldrel-macos-x86_64 0.0.2 164.00 NOTE
r-oldrel-windows-x86_64 0.0.2 15.00 156.00 171.00 OK

Check Details

Version: 0.0.2
Check: re-building of vignette outputs
Result: NOTE Error(s) in re-building vignettes: ... --- re-building ‘HDXBoxeR.Rmd’ using rmarkdown Error: processing vignette 'HDXBoxeR.Rmd' failed with diagnostics: Error writing to connection: No space left on device --- failed re-building ‘HDXBoxeR.Rmd’ SUMMARY: processing the following file failed: ‘HDXBoxeR.Rmd’ Error: Vignette re-building failed. Execution halted Flavor: r-oldrel-macos-x86_64