CRAN Package Check Results for Package GrpString

Last updated on 2020-11-25 15:51:57 CET.

Flavor Version Tinstall Tcheck Ttotal Status Flags
r-devel-linux-x86_64-debian-clang 0.3.2 4.23 36.39 40.62 NOTE
r-devel-linux-x86_64-debian-gcc 0.3.2 3.15 29.96 33.11 NOTE
r-devel-linux-x86_64-fedora-clang 0.3.2 56.75 NOTE
r-devel-linux-x86_64-fedora-gcc 0.3.2 45.94 NOTE
r-devel-windows-ix86+x86_64 0.3.2 6.00 47.00 53.00 OK
r-patched-linux-x86_64 0.3.2 3.83 36.43 40.26 NOTE
r-patched-solaris-x86 0.3.2 68.70 NOTE
r-release-linux-x86_64 0.3.2 3.23 36.83 40.06 NOTE
r-release-macos-x86_64 0.3.2 NOTE
r-release-windows-ix86+x86_64 0.3.2 6.00 59.00 65.00 OK
r-oldrel-macos-x86_64 0.3.2 NOTE
r-oldrel-windows-ix86+x86_64 0.3.2 5.00 45.00 50.00 OK

Check Details

Version: 0.3.2
Check: for non-standard things in the check directory
Result: NOTE
    Found the following files/directories:
     'p1_20up-vs-p2_25up_in_str1.txt' 'p1_20up-vs-p2_25up_in_str2.txt'
     'p2_25up-vs-p1_20up_in_str1.txt' 'p2_25up-vs-p1_20up_in_str2.txt'
     's0_20up.txt' 's0_30up.txt' 's0_f2up.txt' 'strs.vec_01mx.txt'
     'strs.vec_02mx.txt' 'strs.vec_03mx.txt' 'strs.vec_04mx.txt'
     'strs.vec_05mx.txt' 'strs.vec_06mx.txt' 'strs.vec_30up.txt'
     'strs.vec_50up.txt' 'strs.vec_f2up.txt' 'uni_p1_20up-p2_25up.txt'
Flavors: r-devel-linux-x86_64-debian-clang, r-devel-linux-x86_64-debian-gcc, r-devel-linux-x86_64-fedora-clang, r-devel-linux-x86_64-fedora-gcc, r-patched-linux-x86_64, r-patched-solaris-x86, r-release-linux-x86_64

Version: 0.3.2
Check: dependencies in R code
Result: NOTE
    Namespace in Imports field not imported from: ‘Rcpp’
     All declared Imports should be used.
Flavors: r-devel-linux-x86_64-fedora-clang, r-devel-linux-x86_64-fedora-gcc, r-patched-solaris-x86, r-release-macos-x86_64, r-oldrel-macos-x86_64