CRAN Package Check Results for Package GroupComparisons

Last updated on 2021-10-17 03:52:04 CEST.

Flavor Version Tinstall Tcheck Ttotal Status Flags
r-devel-linux-x86_64-debian-clang 0.1.0 4.85 45.65 50.50 NOTE
r-devel-linux-x86_64-debian-gcc 0.1.0 4.32 33.63 37.95 NOTE
r-devel-linux-x86_64-fedora-clang 0.1.0 69.58 NOTE
r-devel-linux-x86_64-fedora-gcc 0.1.0 56.10 NOTE
r-devel-windows-x86_64 0.1.0 11.00 64.00 75.00 NOTE
r-devel-windows-x86_64-gcc10-UCRT 0.1.0 NOTE
r-patched-linux-x86_64 0.1.0 4.56 41.84 46.40 NOTE
r-patched-solaris-x86 0.1.0 90.20 NOTE
r-release-linux-x86_64 0.1.0 4.80 41.83 46.63 NOTE
r-release-macos-arm64 0.1.0 NOTE
r-release-macos-x86_64 0.1.0 NOTE
r-release-windows-ix86+x86_64 0.1.0 14.00 69.00 83.00 NOTE
r-oldrel-macos-x86_64 0.1.0 OK
r-oldrel-windows-ix86+x86_64 0.1.0 15.00 65.00 80.00 OK

Check Details

Version: 0.1.0
Check: LazyData
Result: NOTE
     'LazyData' is specified without a 'data' directory
Flavors: r-devel-linux-x86_64-debian-clang, r-devel-linux-x86_64-debian-gcc, r-devel-linux-x86_64-fedora-clang, r-devel-linux-x86_64-fedora-gcc, r-devel-windows-x86_64, r-devel-windows-x86_64-gcc10-UCRT, r-patched-linux-x86_64, r-patched-solaris-x86, r-release-linux-x86_64, r-release-macos-arm64, r-release-macos-x86_64, r-release-windows-ix86+x86_64