CRAN Package Check Results for Package GofCens

Last updated on 2022-07-06 15:49:00 CEST.

Flavor Version Tinstall Tcheck Ttotal Status Flags
r-devel-linux-x86_64-debian-clang 0.92 12.10 109.30 121.40 OK
r-devel-linux-x86_64-debian-gcc 0.92 7.84 80.96 88.80 OK
r-devel-linux-x86_64-fedora-clang 0.92 156.78 NOTE
r-devel-linux-x86_64-fedora-gcc 0.92 150.61 OK
r-devel-windows-x86_64 0.92 19.00 111.00 130.00 OK
r-patched-linux-x86_64 0.92 11.51 101.90 113.41 OK
r-release-linux-x86_64 0.92 10.93 103.04 113.97 OK
r-release-macos-arm64 0.92 40.00 OK
r-release-macos-x86_64 0.92 75.00 OK
r-release-windows-x86_64 0.92 18.00 128.00 146.00 OK
r-oldrel-macos-arm64 0.92 44.00 OK
r-oldrel-macos-x86_64 0.92 56.00 OK
r-oldrel-windows-ix86+x86_64 0.92 27.00 124.00 151.00 OK

Check Details

Version: 0.92
Check: Rd cross-references
Result: NOTE
    Undeclared package ‘goftest’ in Rd xrefs
Flavor: r-devel-linux-x86_64-fedora-clang