Last updated on 2022-06-26 03:50:02 CEST.
Flavor | Version | Tinstall | Tcheck | Ttotal | Status | Flags |
---|---|---|---|---|---|---|
r-devel-linux-x86_64-debian-clang | 1.2.1 | 51.66 | 452.74 | 504.40 | OK | |
r-devel-linux-x86_64-debian-gcc | 1.2.1 | 39.75 | 335.09 | 374.84 | OK | |
r-devel-linux-x86_64-fedora-clang | 1.2.1 | 563.61 | NOTE | |||
r-devel-linux-x86_64-fedora-gcc | 1.2.1 | 578.39 | OK | |||
r-devel-windows-x86_64 | 1.2.1 | 73.00 | 471.00 | 544.00 | OK | |
r-patched-linux-x86_64 | 1.2.1 | 45.53 | 433.54 | 479.07 | OK | |
r-release-linux-x86_64 | 1.2.1 | 39.58 | 435.05 | 474.63 | OK | |
r-release-macos-arm64 | 1.2.1 | 131.00 | OK | |||
r-release-macos-x86_64 | 1.2.1 | 237.00 | OK | |||
r-release-windows-x86_64 | 1.2.1 | 74.00 | 479.00 | 553.00 | OK | |
r-oldrel-macos-arm64 | 1.2.1 | 86.00 | OK | |||
r-oldrel-macos-x86_64 | 1.2.1 | 170.00 | OK | |||
r-oldrel-windows-ix86+x86_64 | 1.2.1 | 116.00 | 485.00 | 601.00 | OK |
Version: 1.2.1
Check: package dependencies
Result: NOTE
Imports includes 24 non-default packages.
Importing from so many packages makes the package vulnerable to any of
them becoming unavailable. Move as many as possible to Suggests and
use conditionally.
Flavor: r-devel-linux-x86_64-fedora-clang