Last updated on 2023-01-29 03:55:15 CET.
Flavor | Version | Tinstall | Tcheck | Ttotal | Status | Flags |
---|---|---|---|---|---|---|
r-devel-linux-x86_64-debian-clang | 0.2.10 | 83.87 | 595.35 | 679.22 | OK | |
r-devel-linux-x86_64-debian-gcc | 0.3.0 | 68.94 | 420.95 | 489.89 | OK | |
r-devel-linux-x86_64-fedora-clang | 0.3.0 | 981.72 | OK | |||
r-devel-linux-x86_64-fedora-gcc | 0.3.0 | 767.38 | OK | |||
r-devel-windows-x86_64 | 0.3.0 | 89.00 | 785.00 | 874.00 | OK | |
r-patched-linux-x86_64 | 0.3.0 | 75.88 | 510.38 | 586.26 | OK | |
r-release-linux-x86_64 | 0.3.0 | 72.92 | 476.43 | 549.35 | OK | |
r-release-macos-arm64 | 0.3.0 | 204.00 | NOTE | |||
r-release-macos-x86_64 | 0.3.0 | 280.00 | NOTE | |||
r-release-windows-x86_64 | 0.3.0 | 109.00 | 724.00 | 833.00 | OK | |
r-oldrel-macos-arm64 | 0.3.0 | 201.00 | NOTE | |||
r-oldrel-macos-x86_64 | 0.3.0 | 296.00 | NOTE | |||
r-oldrel-windows-ix86+x86_64 | 0.3.0 | 200.00 | 735.00 | 935.00 | OK |
Version: 0.3.0
Check: installed package size
Result: NOTE
installed size is 5.6Mb
sub-directories of 1Mb or more:
doc 1.7Mb
libs 3.3Mb
Flavors: r-release-macos-arm64, r-release-macos-x86_64, r-oldrel-macos-arm64, r-oldrel-macos-x86_64