CRAN Package Check Results for Package GiRaF

Last updated on 2022-09-24 15:55:21 CEST.

Flavor Version Tinstall Tcheck Ttotal Status Flags
r-devel-linux-x86_64-debian-clang 1.0.1 81.06 60.62 141.68 OK
r-devel-linux-x86_64-debian-gcc 1.0.1 70.70 48.82 119.52 OK
r-devel-linux-x86_64-fedora-clang 1.0.1 223.76 NOTE
r-devel-linux-x86_64-fedora-gcc 1.0.1 212.43 NOTE
r-devel-windows-x86_64 1.0.1 79.00 147.00 226.00 OK
r-patched-linux-x86_64 1.0.1 70.93 64.51 135.44 OK
r-release-linux-x86_64 1.0.1 69.75 62.70 132.45 OK
r-release-macos-arm64 1.0.1 52.00 NOTE
r-release-macos-x86_64 1.0.1 69.00 NOTE
r-release-windows-x86_64 1.0.1 68.00 147.00 215.00 OK
r-oldrel-macos-arm64 1.0.1 76.00 NOTE
r-oldrel-macos-x86_64 1.0.1 137.00 NOTE
r-oldrel-windows-ix86+x86_64 1.0.1 217.00 133.00 350.00 OK

Check Details

Version: 1.0.1
Check: compiled code
Result: NOTE
    File ‘GiRaF/libs/GiRaF.so’:
     Found no calls to: ‘R_registerRoutines’, ‘R_useDynamicSymbols’
    
    It is good practice to register native routines and to disable symbol
    search.
    
    See ‘Writing portable packages’ in the ‘Writing R Extensions’ manual.
Flavors: r-devel-linux-x86_64-fedora-clang, r-devel-linux-x86_64-fedora-gcc

Version: 1.0.1
Check: installed package size
Result: NOTE
     installed size is 6.8Mb
     sub-directories of 1Mb or more:
     libs 6.4Mb
Flavors: r-release-macos-arm64, r-release-macos-x86_64, r-oldrel-macos-arm64, r-oldrel-macos-x86_64