CRAN Package Check Results for Package GiNA

Last updated on 2022-07-01 15:51:19 CEST.

Flavor Version Tinstall Tcheck Ttotal Status Flags
r-devel-linux-x86_64-debian-clang 1.0.1 8.81 73.19 82.00 NOTE
r-devel-linux-x86_64-debian-gcc 1.0.1 6.56 57.60 64.16 NOTE
r-devel-linux-x86_64-fedora-clang 1.0.1 108.59 NOTE
r-devel-linux-x86_64-fedora-gcc 1.0.1 103.69 NOTE
r-devel-windows-x86_64 1.0.1 16.00 111.00 127.00 OK
r-patched-linux-x86_64 1.0.1 8.64 72.01 80.65 NOTE
r-release-linux-x86_64 1.0.1 8.63 73.38 82.01 NOTE
r-release-macos-arm64 1.0.1 36.00 OK
r-release-macos-x86_64 1.0.1 51.00 OK
r-release-windows-x86_64 1.0.1 17.00 105.00 122.00 OK
r-oldrel-macos-arm64 1.0.1 51.00 OK
r-oldrel-macos-x86_64 1.0.1 70.00 OK
r-oldrel-windows-ix86+x86_64 1.0.1 17.00 104.00 121.00 OK

Check Details

Version: 1.0.1
Check: for non-standard things in the check directory
Result: NOTE
    Found the following files/directories:
     'Pictures_analyzed' 'cutoff_vals' 'cutoff_vals1' 'gina_cran.JPG'
Flavors: r-devel-linux-x86_64-debian-clang, r-devel-linux-x86_64-debian-gcc, r-devel-linux-x86_64-fedora-clang, r-devel-linux-x86_64-fedora-gcc, r-patched-linux-x86_64, r-release-linux-x86_64