Last updated on 2022-06-27 15:53:44 CEST.
Flavor | Version | Tinstall | Tcheck | Ttotal | Status | Flags |
---|---|---|---|---|---|---|
r-devel-linux-x86_64-debian-clang | 1.0.2 | 4.68 | 35.64 | 40.32 | OK | |
r-devel-linux-x86_64-debian-gcc | 1.0.2 | 3.17 | 27.72 | 30.89 | OK | |
r-devel-linux-x86_64-fedora-clang | 1.0.2 | 59.99 | WARN | |||
r-devel-linux-x86_64-fedora-gcc | 1.0.2 | 57.80 | WARN | |||
r-devel-windows-x86_64 | 1.0.2 | 23.00 | 61.00 | 84.00 | OK | |
r-patched-linux-x86_64 | 1.0.2 | 4.18 | 35.19 | 39.37 | OK | |
r-release-linux-x86_64 | 1.0.2 | 4.11 | 35.10 | 39.21 | OK | |
r-release-macos-arm64 | 1.0.2 | 34.00 | NOTE | |||
r-release-macos-x86_64 | 1.0.2 | 27.00 | NOTE | |||
r-release-windows-x86_64 | 1.0.2 | 43.00 | 64.00 | 107.00 | OK | |
r-oldrel-macos-arm64 | 1.0.2 | 21.00 | NOTE | |||
r-oldrel-macos-x86_64 | 1.0.2 | 26.00 | NOTE | |||
r-oldrel-windows-ix86+x86_64 | 1.0.2 | 12.00 | 56.00 | 68.00 | OK |
Version: 1.0.2
Check: package dependencies
Result: WARN
Requires (indirectly) orphaned package: ‘gtools’
Flavors: r-devel-linux-x86_64-fedora-clang, r-devel-linux-x86_64-fedora-gcc
Version: 1.0.2
Check: dependencies in R code
Result: NOTE
Namespaces in Imports field not imported from:
‘DT’ ‘GWmodel’ ‘beepr’ ‘cartography’ ‘dplyr’ ‘raster’ ‘readxl’
‘shinyBS’ ‘shinyWidgets’ ‘shinyalert’ ‘shinybusy’ ‘shinyjs’ ‘sp’
‘spdep’
All declared Imports should be used.
Flavors: r-devel-linux-x86_64-fedora-clang, r-devel-linux-x86_64-fedora-gcc, r-release-macos-arm64, r-release-macos-x86_64, r-oldrel-macos-arm64, r-oldrel-macos-x86_64