CRAN Package Check Results for Package GeoTcgaData

Last updated on 2020-09-18 15:52:47 CEST.

Flavor Version Tinstall Tcheck Ttotal Status Flags
r-devel-linux-x86_64-debian-clang 0.2.4 23.29 58.01 81.30 OK
r-devel-linux-x86_64-debian-gcc 0.2.4 21.80 45.80 67.60 OK
r-devel-linux-x86_64-fedora-clang 0.2.4 116.68 NOTE
r-devel-linux-x86_64-fedora-gcc 0.2.4 109.47 OK
r-devel-windows-ix86+x86_64 0.2.4 39.00 84.00 123.00 NOTE
r-patched-linux-x86_64 0.2.4 23.75 55.95 79.70 OK
r-patched-solaris-x86 0.2.4 178.70 NOTE
r-release-linux-x86_64 0.2.4 24.46 56.20 80.66 OK
r-release-macos-x86_64 0.2.4 NOTE
r-release-windows-ix86+x86_64 0.2.4 44.00 85.00 129.00 NOTE
r-oldrel-macos-x86_64 0.2.4 NOTE
r-oldrel-windows-ix86+x86_64 0.2.4 35.00 80.00 115.00 NOTE

Check Details

Version: 0.2.4
Check: installed package size
Result: NOTE
     installed size is 6.3Mb
     sub-directories of 1Mb or more:
     R 2.4Mb
     data 3.5Mb
Flavors: r-devel-linux-x86_64-fedora-clang, r-devel-windows-ix86+x86_64, r-patched-solaris-x86, r-release-macos-x86_64, r-release-windows-ix86+x86_64, r-oldrel-macos-x86_64, r-oldrel-windows-ix86+x86_64