CRAN Package Check Results for Package GeoRange

Last updated on 2023-02-08 04:07:03 CET.

Flavor Version Tinstall Tcheck Ttotal Status Flags
r-devel-linux-x86_64-debian-clang 0.1.0 6.42 56.08 62.50 OK
r-devel-linux-x86_64-debian-gcc 0.1.0 3.89 42.15 46.04 OK
r-devel-linux-x86_64-fedora-clang 0.1.0 78.41 NOTE
r-devel-linux-x86_64-fedora-gcc 0.1.0 74.02 NOTE
r-devel-windows-x86_64 0.1.0 35.00 86.00 121.00 OK
r-patched-linux-x86_64 0.1.0 4.53 53.41 57.94 OK
r-release-linux-x86_64 0.1.0 3.62 55.15 58.77 OK
r-release-macos-arm64 0.1.0 25.00 NOTE
r-release-macos-x86_64 0.1.0 42.00 NOTE
r-release-windows-x86_64 0.1.0 21.00 97.00 118.00 OK
r-oldrel-macos-arm64 0.1.0 30.00 NOTE
r-oldrel-macos-x86_64 0.1.0 36.00 NOTE
r-oldrel-windows-ix86+x86_64 0.1.0 11.00 80.00 91.00 OK

Check Details

Version: 0.1.0
Check: dependencies in R code
Result: NOTE
    Namespace in Imports field not imported from: ‘velociraptr’
     All declared Imports should be used.
Flavors: r-devel-linux-x86_64-fedora-clang, r-devel-linux-x86_64-fedora-gcc, r-release-macos-arm64, r-release-macos-x86_64, r-oldrel-macos-arm64, r-oldrel-macos-x86_64