CRAN Package Check Results for Package GenomeAdmixR

Last updated on 2022-08-12 03:53:27 CEST.

Flavor Version Tinstall Tcheck Ttotal Status Flags
r-devel-linux-x86_64-debian-clang 2.1.7 104.74 343.24 447.98 OK
r-devel-linux-x86_64-debian-gcc 2.1.7 90.17 248.58 338.75 ERROR
r-devel-linux-x86_64-fedora-clang 2.1.7 559.91 NOTE
r-devel-linux-x86_64-fedora-gcc 2.1.7 546.41 NOTE
r-devel-windows-x86_64 2.1.7 242.00 403.00 645.00 OK
r-patched-linux-x86_64 2.1.7 81.56 318.34 399.90 OK
r-release-linux-x86_64 2.1.7 98.84 321.56 420.40 OK
r-release-macos-arm64 2.1.7 124.00 NOTE
r-release-macos-x86_64 2.1.7 299.00 NOTE
r-release-windows-x86_64 2.1.7 184.00 388.00 572.00 OK
r-oldrel-macos-arm64 2.1.7 147.00 NOTE
r-oldrel-macos-x86_64 2.1.7 195.00 NOTE
r-oldrel-windows-ix86+x86_64 2.1.7 267.00 521.00 788.00 NOTE

Check Details

Version: 2.1.7
Check: tests
Result: ERROR
     Running ‘testthat.R’ [87s/142s]
    Running the tests in ‘tests/testthat.R’ failed.
    Complete output:
     > library(testthat)
     > library(GenomeAdmixR) # nolint
     >
     > test_check("GenomeAdmixR")
    
     |
     | | 0%
     |
     |=================================== | 50%
     |
     |======================================================================| 100%[ FAIL 1 | WARN 0 | SKIP 0 | PASS 454 ]
    
     ══ Failed tests ════════════════════════════════════════════════════════════════
     ── Failure (test-simulate_admixture_data.R:202:3): simulate_admixture_data_recombination_map ──
     `all_j` not equal to `expected_num_j`.
     1/1 mismatches
     [1] 68 - 100 == -32
    
     [ FAIL 1 | WARN 0 | SKIP 0 | PASS 454 ]
     Error: Test failures
     Execution halted
Flavor: r-devel-linux-x86_64-debian-gcc

Version: 2.1.7
Check: installed package size
Result: NOTE
     installed size is 5.6Mb
     sub-directories of 1Mb or more:
     doc 2.0Mb
     libs 2.9Mb
Flavors: r-devel-linux-x86_64-fedora-clang, r-release-macos-arm64, r-release-macos-x86_64, r-oldrel-macos-arm64, r-oldrel-macos-x86_64, r-oldrel-windows-ix86+x86_64

Version: 2.1.7
Check: dependencies in R code
Result: NOTE
    Namespace in Imports field not imported from: ‘methods’
     All declared Imports should be used.
Flavors: r-devel-linux-x86_64-fedora-clang, r-devel-linux-x86_64-fedora-gcc, r-release-macos-arm64, r-release-macos-x86_64, r-oldrel-macos-arm64, r-oldrel-macos-x86_64