CRAN Package Check Results for Package GeneralizedWendland

Last updated on 2022-09-25 15:56:42 CEST.

Flavor Version Tinstall Tcheck Ttotal Status Flags
r-devel-linux-x86_64-debian-clang 0.5-2 39.51 127.62 167.13 OK
r-devel-linux-x86_64-debian-gcc 0.5-2 34.75 93.63 128.38 OK
r-devel-linux-x86_64-fedora-clang 0.5-2 230.80 OK
r-devel-linux-x86_64-fedora-gcc 0.5-2 219.12 OK
r-devel-windows-x86_64 0.5-2 103.00 167.00 270.00 OK
r-patched-linux-x86_64 0.5-2 40.65 120.62 161.27 OK
r-release-linux-x86_64 0.5-2 33.74 122.01 155.75 OK
r-release-macos-arm64 0.5-2 56.00 OK
r-release-macos-x86_64 0.5-2 78.00 NOTE
r-release-windows-x86_64 0.5-2 60.00 174.00 234.00 OK
r-oldrel-macos-arm64 0.5-2 46.00 OK
r-oldrel-macos-x86_64 0.5-2 83.00 NOTE
r-oldrel-windows-ix86+x86_64 0.5-2 96.00 222.00 318.00 OK

Check Details

Version: 0.5-2
Check: installed package size
Result: NOTE
     installed size is 5.2Mb
     sub-directories of 1Mb or more:
     doc 1.4Mb
     libs 3.6Mb
Flavors: r-release-macos-x86_64, r-oldrel-macos-x86_64