Last updated on 2022-06-25 03:50:58 CEST.
Flavor | Version | Tinstall | Tcheck | Ttotal | Status | Flags |
---|---|---|---|---|---|---|
r-devel-linux-x86_64-debian-clang | 1.2.4 | 65.85 | 135.81 | 201.66 | NOTE | |
r-devel-linux-x86_64-debian-gcc | 1.2.4 | 51.95 | 95.48 | 147.43 | NOTE | |
r-devel-linux-x86_64-fedora-clang | 1.2.4 | 296.45 | NOTE | |||
r-devel-linux-x86_64-fedora-gcc | 1.2.4 | 259.65 | NOTE | |||
r-devel-windows-x86_64 | 1.2.4 | 103.00 | 171.00 | 274.00 | NOTE | |
r-patched-linux-x86_64 | 1.2.4 | 55.61 | 129.29 | 184.90 | NOTE | |
r-release-linux-x86_64 | 1.2.4 | 56.50 | 129.68 | 186.18 | NOTE | |
r-release-macos-arm64 | 1.2.4 | 98.00 | NOTE | |||
r-release-macos-x86_64 | 1.2.4 | 97.00 | NOTE | |||
r-release-windows-x86_64 | 1.2.4 | 128.00 | 179.00 | 307.00 | NOTE | |
r-oldrel-macos-arm64 | 1.2.4 | 88.00 | NOTE | |||
r-oldrel-macos-x86_64 | 1.2.4 | 96.00 | NOTE | |||
r-oldrel-windows-ix86+x86_64 | 1.2.4 | 169.00 | 212.00 | 381.00 | NOTE |
Version: 1.2.4
Check: for GNU extensions in Makefiles
Result: NOTE
GNU make is a SystemRequirements.
Flavors: r-devel-linux-x86_64-debian-clang, r-devel-linux-x86_64-debian-gcc, r-devel-linux-x86_64-fedora-clang, r-devel-linux-x86_64-fedora-gcc, r-devel-windows-x86_64, r-patched-linux-x86_64, r-release-linux-x86_64, r-release-macos-arm64, r-release-macos-x86_64, r-release-windows-x86_64, r-oldrel-macos-arm64, r-oldrel-macos-x86_64, r-oldrel-windows-ix86+x86_64