CRAN Package Check Results for Package GenHMM1d

Last updated on 2022-06-28 15:53:17 CEST.

Flavor Version Tinstall Tcheck Ttotal Status Flags
r-devel-linux-x86_64-debian-clang 0.1.0 22.43 118.04 140.47 NOTE
r-devel-linux-x86_64-debian-gcc 0.1.0 14.82 84.85 99.67 NOTE
r-devel-linux-x86_64-fedora-clang 0.1.0 181.93 NOTE
r-devel-linux-x86_64-fedora-gcc 0.1.0 170.69 NOTE
r-devel-windows-x86_64 0.1.0 34.00 125.00 159.00 NOTE
r-patched-linux-x86_64 0.1.0 17.45 110.19 127.64 NOTE
r-release-linux-x86_64 0.1.0 14.41 109.30 123.71 NOTE
r-release-macos-arm64 0.1.0 39.00 NOTE
r-release-macos-x86_64 0.1.0 74.00 NOTE
r-release-windows-x86_64 0.1.0 42.00 137.00 179.00 NOTE
r-oldrel-macos-arm64 0.1.0 44.00 NOTE
r-oldrel-macos-x86_64 0.1.0 59.00 NOTE
r-oldrel-windows-ix86+x86_64 0.1.0 38.00 136.00 174.00 NOTE

Check Details

Version: 0.1.0
Check: LazyData
Result: NOTE
     'LazyData' is specified without a 'data' directory
Flavors: r-devel-linux-x86_64-debian-clang, r-devel-linux-x86_64-debian-gcc, r-devel-linux-x86_64-fedora-clang, r-devel-linux-x86_64-fedora-gcc, r-devel-windows-x86_64, r-patched-linux-x86_64, r-release-linux-x86_64, r-release-macos-arm64, r-release-macos-x86_64, r-release-windows-x86_64, r-oldrel-macos-arm64, r-oldrel-macos-x86_64, r-oldrel-windows-ix86+x86_64