CRAN Package Check Results for Package GenForImp

Last updated on 2020-09-22 16:02:28 CEST.

Flavor Version Tinstall Tcheck Ttotal Status Flags
r-devel-linux-x86_64-debian-clang 1.0 3.49 35.42 38.91 NOTE
r-devel-linux-x86_64-debian-gcc 1.0 3.03 27.29 30.32 NOTE
r-devel-linux-x86_64-fedora-clang 1.0 56.15 NOTE
r-devel-linux-x86_64-fedora-gcc 1.0 55.05 NOTE
r-devel-windows-ix86+x86_64 1.0 9.00 59.00 68.00 NOTE
r-patched-linux-x86_64 1.0 3.07 34.74 37.81 NOTE
r-patched-solaris-x86 1.0 67.30 NOTE
r-release-linux-x86_64 1.0 3.44 34.48 37.92 NOTE
r-release-macos-x86_64 1.0 NOTE
r-release-windows-ix86+x86_64 1.0 8.00 46.00 54.00 NOTE
r-oldrel-macos-x86_64 1.0 NOTE
r-oldrel-windows-ix86+x86_64 1.0 6.00 56.00 62.00 NOTE

Check Details

Version: 1.0
Check: R code for possible problems
Result: NOTE
    ForImp.Mahala: no visible global function definition for 'combn'
    ForImp.Mahala: no visible global function definition for 'var'
    ForImp.Mahala: no visible global function definition for 'quantile'
    ForImp.Mahala : <anonymous>: no visible global function definition for
     'var'
    ForImp.Mahala : <anonymous> : <anonymous>: no visible global function
     definition for 'var'
    ForImp.Mahala : <anonymous> : <anonymous>: no visible global function
     definition for 'quantile'
    ForImp.PCA: no visible global function definition for 'cov'
    ForImp.PCA: no visible global function definition for 'princomp'
    ForImp.PCA: no visible global function definition for 'combn'
    ForImp.PCA: no visible global function definition for 'quantile'
    ForImp.PCA : <anonymous> : <anonymous>: no visible global function
     definition for 'quantile'
    Undefined global functions or variables:
     combn cov princomp quantile var
    Consider adding
     importFrom("stats", "cov", "princomp", "quantile", "var")
     importFrom("utils", "combn")
    to your NAMESPACE file.
Flavors: r-devel-linux-x86_64-debian-clang, r-devel-linux-x86_64-debian-gcc, r-devel-linux-x86_64-fedora-clang, r-devel-linux-x86_64-fedora-gcc, r-devel-windows-ix86+x86_64, r-patched-linux-x86_64, r-patched-solaris-x86, r-release-linux-x86_64, r-release-macos-x86_64, r-release-windows-ix86+x86_64, r-oldrel-macos-x86_64, r-oldrel-windows-ix86+x86_64