CRAN Package Check Results for Package GenAlgo

Last updated on 2020-09-22 03:49:23 CEST.

Flavor Version Tinstall Tcheck Ttotal Status Flags
r-devel-linux-x86_64-debian-clang 2.1.5 3.00 39.70 42.70 OK
r-devel-linux-x86_64-debian-gcc 2.1.5 0.33 1.96 2.29 ERROR
r-devel-linux-x86_64-fedora-clang 2.1.5 60.36 NOTE
r-devel-linux-x86_64-fedora-gcc 2.1.5 59.31 NOTE
r-devel-windows-ix86+x86_64 2.1.5 7.00 70.00 77.00 OK
r-patched-linux-x86_64 2.1.5 3.27 38.82 42.09 OK
r-patched-solaris-x86 2.1.5 73.30 NOTE
r-release-linux-x86_64 2.1.5 2.97 39.68 42.65 OK
r-release-macos-x86_64 2.1.5 NOTE
r-release-windows-ix86+x86_64 2.1.5 7.00 74.00 81.00 OK
r-oldrel-macos-x86_64 2.1.5 NOTE
r-oldrel-windows-ix86+x86_64 2.1.5 4.00 64.00 68.00 OK

Check Details

Version: 2.1.5
Check: whether package can be installed
Result: ERROR
    Installation failed.
Flavor: r-devel-linux-x86_64-debian-gcc

Version: 2.1.5
Check: data for non-ASCII characters
Result: NOTE
     Note: found 17 marked UTF-8 strings
Flavors: r-devel-linux-x86_64-fedora-clang, r-devel-linux-x86_64-fedora-gcc, r-patched-solaris-x86, r-release-macos-x86_64, r-oldrel-macos-x86_64