CRAN Package Check Results for Package GeDS

Last updated on 2024-07-15 03:49:27 CEST.

Flavor Version Tinstall Tcheck Ttotal Status Flags
r-devel-linux-x86_64-debian-clang 0.2.2 51.83 188.31 240.14 OK
r-devel-linux-x86_64-debian-gcc 0.2.2 33.39 133.27 166.66 OK
r-devel-linux-x86_64-fedora-clang 0.2.2 300.40 OK
r-devel-linux-x86_64-fedora-gcc 0.2.2 287.23 OK
r-devel-windows-x86_64 0.2.2 35.00 162.00 197.00 NOTE
r-patched-linux-x86_64 0.2.2 39.05 183.83 222.88 OK
r-release-linux-x86_64 0.2.2 37.96 178.25 216.21 OK
r-release-macos-arm64 0.2.2 147.00 OK
r-release-macos-x86_64 0.2.2 123.00 OK
r-release-windows-x86_64 0.2.2 35.00 164.00 199.00 OK
r-oldrel-macos-arm64 0.2.2 81.00 OK
r-oldrel-macos-x86_64 0.2.2 184.00 OK
r-oldrel-windows-x86_64 0.2.2 43.00 193.00 236.00 OK

Check Details

Version: 0.2.2
Check: Rd cross-references
Result: NOTE Found the following Rd file(s) with Rd \link{} targets missing package anchors: NGeDSgam.Rd: gam Please provide package anchors for all Rd \link{} targets not in the package itself and the base packages. Flavor: r-devel-windows-x86_64