CRAN Package Check Results for Package GWLelast

Last updated on 2020-09-22 03:49:25 CEST.

Flavor Version Tinstall Tcheck Ttotal Status Flags
r-devel-linux-x86_64-debian-clang 1.2.2 7.40 61.04 68.44 OK
r-devel-linux-x86_64-debian-gcc 1.2.2 0.28 1.81 2.09 ERROR
r-devel-linux-x86_64-fedora-clang 1.2.2 91.60 NOTE
r-devel-linux-x86_64-fedora-gcc 1.2.2 99.27 NOTE
r-devel-windows-ix86+x86_64 1.2.2 18.00 88.00 106.00 OK
r-patched-linux-x86_64 1.2.2 6.58 59.71 66.29 OK
r-patched-solaris-x86 1.2.2 127.10 NOTE
r-release-linux-x86_64 1.2.2 7.67 60.14 67.81 OK
r-release-macos-x86_64 1.2.2 NOTE
r-release-windows-ix86+x86_64 1.2.2 17.00 85.00 102.00 OK
r-oldrel-macos-x86_64 1.2.2 NOTE
r-oldrel-windows-ix86+x86_64 1.2.2 11.00 77.00 88.00 OK

Check Details

Version: 1.2.2
Check: whether package can be installed
Result: ERROR
    Installation failed.
Flavor: r-devel-linux-x86_64-debian-gcc

Version: 1.2.2
Check: dependencies in R code
Result: NOTE
    Namespaces in Imports field not imported from:
     ‘doParallel’ ‘foreach’ ‘spgwr’
     All declared Imports should be used.
Flavors: r-devel-linux-x86_64-fedora-clang, r-devel-linux-x86_64-fedora-gcc, r-patched-solaris-x86, r-release-macos-x86_64, r-oldrel-macos-x86_64