CRAN Package Check Results for Package GSIF

Last updated on 2020-08-10 15:47:56 CEST.

Flavor Version Tinstall Tcheck Ttotal Status Flags
r-devel-linux-x86_64-debian-clang 0.5-5.1 33.55 213.03 246.58 NOTE
r-devel-linux-x86_64-debian-gcc 0.5-5.1 30.97 161.97 192.94 NOTE
r-devel-linux-x86_64-fedora-clang 0.5-5.1 309.71 NOTE
r-devel-linux-x86_64-fedora-gcc 0.5-5.1 301.42 NOTE
r-devel-windows-ix86+x86_64 0.5-5.1 61.00 298.00 359.00 OK
r-patched-linux-x86_64 0.5-5.1 37.18 209.42 246.60 NOTE
r-patched-solaris-x86 0.5-5.1 449.20 NOTE
r-release-linux-x86_64 0.5-5.1 38.76 206.61 245.37 NOTE
r-release-macos-x86_64 0.5-5.1 NOTE
r-release-windows-ix86+x86_64 0.5-5.1 83.00 288.00 371.00 OK
r-oldrel-macos-x86_64 0.5-5.1 OK
r-oldrel-windows-ix86+x86_64 0.5-5.1 46.00 190.00 236.00 OK

Check Details

Version: 0.5-5.1
Check: package dependencies
Result: NOTE
    Package suggested but not available for checking: 'SDMTools'
Flavors: r-devel-linux-x86_64-debian-clang, r-devel-linux-x86_64-debian-gcc, r-devel-linux-x86_64-fedora-clang, r-devel-linux-x86_64-fedora-gcc, r-patched-linux-x86_64, r-patched-solaris-x86, r-release-linux-x86_64, r-release-macos-x86_64

Version: 0.5-5.1
Check: for non-standard things in the check directory
Result: NOTE
    Found the following files/directories:
     'ORCDRC.txt'
Flavors: r-devel-linux-x86_64-debian-clang, r-devel-linux-x86_64-debian-gcc, r-devel-linux-x86_64-fedora-clang, r-devel-linux-x86_64-fedora-gcc, r-patched-linux-x86_64, r-patched-solaris-x86, r-release-linux-x86_64