CRAN Package Check Results for Package GSA

Last updated on 2022-08-13 04:57:49 CEST.

Flavor Version Tinstall Tcheck Ttotal Status Flags
r-devel-linux-x86_64-debian-clang 1.03.2 4.10 32.23 36.33 OK
r-devel-linux-x86_64-debian-gcc 1.03.2 2.18 24.09 26.27 OK
r-devel-linux-x86_64-fedora-clang 1.03.2 54.24 OK
r-devel-linux-x86_64-fedora-gcc 1.03.2 52.43 OK
r-devel-windows-x86_64 1.03.2 11.00 55.00 66.00 OK
r-patched-linux-x86_64 1.03.2 3.93 30.52 34.45 OK
r-release-linux-x86_64 1.03.2 3.63 30.96 34.59 OK
r-release-macos-arm64 1.03.2 17.00 NOTE
r-release-macos-x86_64 1.03.2 25.00 OK
r-release-windows-x86_64 1.03.2 7.00 54.00 61.00 OK
r-oldrel-macos-arm64 1.03.2 19.00 OK
r-oldrel-macos-x86_64 1.03.2 25.00 OK
r-oldrel-windows-ix86+x86_64 1.03.2 6.00 50.00 56.00 OK

Check Details

Version: 1.03.2
Check: package dependencies
Result: NOTE
    Package suggested but not available for checking: ‘impute’
Flavor: r-release-macos-arm64