Last updated on 2023-02-06 15:57:17 CET.
Flavor | Version | Tinstall | Tcheck | Ttotal | Status | Flags |
---|---|---|---|---|---|---|
r-devel-linux-x86_64-debian-clang | 1.0 | 6.72 | 99.63 | 106.35 | NOTE | |
r-devel-linux-x86_64-debian-gcc | 1.0 | 6.98 | 71.97 | 78.95 | NOTE | |
r-devel-linux-x86_64-fedora-clang | 1.0 | 129.99 | NOTE | |||
r-devel-linux-x86_64-fedora-gcc | 1.0 | 140.50 | NOTE | |||
r-devel-windows-x86_64 | 1.0 | 93.00 | 140.00 | 233.00 | NOTE | |
r-patched-linux-x86_64 | 1.0 | 8.80 | 96.16 | 104.96 | OK | |
r-release-linux-x86_64 | 1.0 | 6.16 | 96.53 | 102.69 | OK | |
r-release-macos-arm64 | 1.0 | 37.00 | OK | |||
r-release-macos-x86_64 | 1.0 | 51.00 | OK | |||
r-release-windows-x86_64 | 1.0 | 68.00 | 147.00 | 215.00 | OK | |
r-oldrel-macos-arm64 | 1.0 | 43.00 | OK | |||
r-oldrel-macos-x86_64 | 1.0 | 74.00 | OK | |||
r-oldrel-windows-ix86+x86_64 | 1.0 | 17.00 | 136.00 | 153.00 | OK |
Version: 1.0
Check: Rd files
Result: NOTE
checkRd: (-1) GPoM.FDLyapu-package.Rd:36: Escaped LaTeX specials: \&
checkRd: (-1) Plague.Rd:29: Escaped LaTeX specials: \&
checkRd: (-1) lyapFDGrond.Rd:66: Escaped LaTeX specials: \&
checkRd: (-1) lyapFDGrond.Rd:68: Escaped LaTeX specials: \&
checkRd: (-1) lyapFDGrond.Rd:69: Escaped LaTeX specials: \&
Flavors: r-devel-linux-x86_64-debian-clang, r-devel-linux-x86_64-debian-gcc, r-devel-linux-x86_64-fedora-clang, r-devel-linux-x86_64-fedora-gcc, r-devel-windows-x86_64