CRAN Package Check Results for Package GPSCDF

Last updated on 2022-07-05 15:52:46 CEST.

Flavor Version Tinstall Tcheck Ttotal Status Flags
r-devel-linux-x86_64-debian-clang 0.1.1 13.84 126.64 140.48 NOTE
r-devel-linux-x86_64-debian-gcc 0.1.1 10.93 92.53 103.46 NOTE
r-devel-linux-x86_64-fedora-clang 0.1.1 178.16 NOTE
r-devel-linux-x86_64-fedora-gcc 0.1.1 175.27 NOTE
r-devel-windows-x86_64 0.1.1 16.00 135.00 151.00 NOTE
r-patched-linux-x86_64 0.1.1 12.24 117.78 130.02 NOTE
r-release-linux-x86_64 0.1.1 10.19 117.15 127.34 NOTE
r-release-macos-arm64 0.1.1 43.00 NOTE
r-release-macos-x86_64 0.1.1 85.00 NOTE
r-release-windows-x86_64 0.1.1 18.00 138.00 156.00 NOTE
r-oldrel-macos-arm64 0.1.1 48.00 NOTE
r-oldrel-macos-x86_64 0.1.1 85.00 NOTE
r-oldrel-windows-ix86+x86_64 0.1.1 32.00 137.00 169.00 NOTE

Check Details

Version: 0.1.1
Check: LazyData
Result: NOTE
     'LazyData' is specified without a 'data' directory
Flavors: r-devel-linux-x86_64-debian-clang, r-devel-linux-x86_64-debian-gcc, r-devel-linux-x86_64-fedora-clang, r-devel-linux-x86_64-fedora-gcc, r-devel-windows-x86_64, r-patched-linux-x86_64, r-release-linux-x86_64, r-release-macos-arm64, r-release-macos-x86_64, r-release-windows-x86_64, r-oldrel-macos-arm64, r-oldrel-macos-x86_64, r-oldrel-windows-ix86+x86_64