CRAN Package Check Results for Package GMKMcharlie

Last updated on 2022-07-06 15:49:00 CEST.

Flavor Version Tinstall Tcheck Ttotal Status Flags
r-devel-linux-x86_64-debian-clang 1.1.5 159.77 63.21 222.98 NOTE
r-devel-linux-x86_64-debian-gcc 1.1.5 149.37 49.77 199.14 NOTE
r-devel-linux-x86_64-fedora-clang 1.1.5 360.48 NOTE
r-devel-linux-x86_64-fedora-gcc 1.1.5 336.64 NOTE
r-devel-windows-x86_64 1.1.5 145.00 112.00 257.00 NOTE
r-patched-linux-x86_64 1.1.5 145.19 65.20 210.39 NOTE
r-release-linux-x86_64 1.1.5 153.36 63.41 216.77 NOTE
r-release-macos-arm64 1.1.5 91.00 NOTE
r-release-macos-x86_64 1.1.5 114.00 NOTE
r-release-windows-x86_64 1.1.5 144.00 120.00 264.00 NOTE
r-oldrel-macos-arm64 1.1.5 103.00 NOTE
r-oldrel-macos-x86_64 1.1.5 114.00 NOTE
r-oldrel-windows-ix86+x86_64 1.1.5 405.00 157.00 562.00 NOTE

Check Details

Version: 1.1.5
Check: for GNU extensions in Makefiles
Result: NOTE
    GNU make is a SystemRequirements.
Flavors: r-devel-linux-x86_64-debian-clang, r-devel-linux-x86_64-debian-gcc, r-devel-linux-x86_64-fedora-clang, r-devel-linux-x86_64-fedora-gcc, r-devel-windows-x86_64, r-patched-linux-x86_64, r-release-linux-x86_64, r-release-macos-arm64, r-release-macos-x86_64, r-release-windows-x86_64, r-oldrel-macos-arm64, r-oldrel-macos-x86_64, r-oldrel-windows-ix86+x86_64

Version: 1.1.5
Check: installed package size
Result: NOTE
     installed size is 8.1Mb
     sub-directories of 1Mb or more:
     libs 7.9Mb
Flavors: r-devel-linux-x86_64-fedora-clang, r-release-macos-arm64, r-release-macos-x86_64, r-oldrel-macos-arm64, r-oldrel-macos-x86_64