CRAN Package Check Results for Package GMDH2

Last updated on 2020-09-27 03:46:33 CEST.

Flavor Version Tinstall Tcheck Ttotal Status Flags
r-devel-linux-x86_64-debian-clang 1.5 11.15 100.39 111.54 OK
r-devel-linux-x86_64-debian-gcc 1.5 10.13 75.45 85.58 OK
r-devel-linux-x86_64-fedora-clang 1.5 141.78 NOTE
r-devel-linux-x86_64-fedora-gcc 1.5 153.06 OK
r-devel-windows-ix86+x86_64 1.5 24.00 134.00 158.00 OK
r-patched-linux-x86_64 1.5 10.47 91.72 102.19 OK
r-patched-solaris-x86 1.5 189.40 OK
r-release-linux-x86_64 1.5 12.69 92.69 105.38 OK
r-release-macos-x86_64 1.5 OK
r-release-windows-ix86+x86_64 1.5 28.00 132.00 160.00 OK
r-oldrel-macos-x86_64 1.5 OK
r-oldrel-windows-ix86+x86_64 1.5 24.00 127.00 151.00 OK

Check Details

Version: 1.5
Check: Rd cross-references
Result: NOTE
    Undeclared package ‘caret’ in Rd xrefs
Flavor: r-devel-linux-x86_64-fedora-clang