Last updated on 2022-08-08 15:55:13 CEST.
Flavor | Version | Tinstall | Tcheck | Ttotal | Status | Flags |
---|---|---|---|---|---|---|
r-devel-linux-x86_64-debian-clang | 2.0.0.9 | 13.17 | 65.47 | 78.64 | NOTE | |
r-devel-linux-x86_64-debian-gcc | 2.0.0.9 | 9.56 | 50.55 | 60.11 | NOTE | |
r-devel-linux-x86_64-fedora-clang | 2.0.0.9 | 103.66 | NOTE | |||
r-devel-linux-x86_64-fedora-gcc | 2.0.0.9 | 100.18 | NOTE | |||
r-devel-windows-x86_64 | 2.0.0.9 | 55.00 | 95.00 | 150.00 | NOTE | |
r-patched-linux-x86_64 | 2.0.0.9 | 10.14 | 62.42 | 72.56 | OK | |
r-release-linux-x86_64 | 2.0.0.9 | OK | ||||
r-release-macos-arm64 | 2.0.0.9 | 33.00 | OK | |||
r-release-macos-x86_64 | 2.0.0.9 | 42.00 | OK | |||
r-release-windows-x86_64 | 2.0.0.9 | 53.00 | 94.00 | 147.00 | OK | |
r-oldrel-macos-arm64 | 2.0.0.9 | 28.00 | OK | |||
r-oldrel-macos-x86_64 | 2.0.0.9 | 41.00 | OK | |||
r-oldrel-windows-ix86+x86_64 | 2.0.0.9 | 22.00 | 102.00 | 124.00 | OK |
Version: 2.0.0.9
Check: Rd files
Result: NOTE
checkRd: (-1) starship.Rd:61: Escaped LaTeX specials: \&
checkRd: (-1) starship.adaptivegrid.Rd:39: Escaped LaTeX specials: \&
checkRd: (-1) starship.adaptivegrid.Rd:54: Escaped LaTeX specials: \&
checkRd: (-1) starship.adaptivegrid.Rd:64: Escaped LaTeX specials: \&
checkRd: (-1) starship.obj.Rd:25: Escaped LaTeX specials: \&
Flavors: r-devel-linux-x86_64-debian-clang, r-devel-linux-x86_64-debian-gcc, r-devel-linux-x86_64-fedora-clang, r-devel-linux-x86_64-fedora-gcc, r-devel-windows-x86_64