Last updated on 2022-06-26 03:50:01 CEST.
Flavor | Version | Tinstall | Tcheck | Ttotal | Status | Flags |
---|---|---|---|---|---|---|
r-devel-linux-x86_64-debian-clang | 1.0.0 | 13.50 | 130.34 | 143.84 | NOTE | |
r-devel-linux-x86_64-debian-gcc | 1.0.0 | 11.82 | 96.85 | 108.67 | NOTE | |
r-devel-linux-x86_64-fedora-clang | 1.0.0 | 100.93 | NOTE | |||
r-devel-linux-x86_64-fedora-gcc | 1.0.0 | 177.18 | NOTE | |||
r-devel-windows-x86_64 | 1.0.0 | 43.00 | 164.00 | 207.00 | NOTE | |
r-patched-linux-x86_64 | 1.0.0 | 13.30 | 123.13 | 136.43 | OK | |
r-release-linux-x86_64 | 1.0.0 | 8.82 | 120.57 | 129.39 | OK | |
r-release-macos-arm64 | 1.0.0 | 49.00 | NOTE | |||
r-release-macos-x86_64 | 1.0.0 | 85.00 | NOTE | |||
r-release-windows-x86_64 | 1.0.0 | 57.00 | 169.00 | 226.00 | OK | |
r-oldrel-macos-arm64 | 1.0.0 | 53.00 | NOTE | |||
r-oldrel-macos-x86_64 | 1.0.0 | 104.00 | NOTE | |||
r-oldrel-windows-ix86+x86_64 | 1.0.0 | 32.00 | 142.00 | 174.00 | OK |
Version: 1.0.0
Check: Rd files
Result: NOTE
checkRd: (-1) constrained.Rd:37: Escaped LaTeX specials: \&
Flavors: r-devel-linux-x86_64-debian-clang, r-devel-linux-x86_64-debian-gcc, r-devel-linux-x86_64-fedora-clang, r-devel-linux-x86_64-fedora-gcc, r-devel-windows-x86_64
Version: 1.0.0
Check: dependencies in R code
Result: NOTE
Namespaces in Imports field not imported from:
‘Matrix’ ‘Rdpack’
All declared Imports should be used.
Flavors: r-devel-linux-x86_64-fedora-clang, r-devel-linux-x86_64-fedora-gcc, r-release-macos-arm64, r-release-macos-x86_64, r-oldrel-macos-arm64, r-oldrel-macos-x86_64