CRAN Package Check Results for Package GGMncv

Last updated on 2022-06-28 03:51:32 CEST.

Flavor Version Tinstall Tcheck Ttotal Status Flags
r-devel-linux-x86_64-debian-clang 2.1.1 40.71 126.61 167.32 NOTE
r-devel-linux-x86_64-debian-gcc 2.1.1 30.02 91.56 121.58 NOTE
r-devel-linux-x86_64-fedora-clang 2.1.1 218.51 NOTE
r-devel-linux-x86_64-fedora-gcc 2.1.1 206.01 NOTE
r-devel-windows-x86_64 2.1.1 47.00 189.00 236.00 NOTE
r-patched-linux-x86_64 2.1.1 36.57 121.58 158.15 OK
r-release-linux-x86_64 2.1.1 34.13 123.64 157.77 OK
r-release-macos-arm64 2.1.1 75.00 NOTE
r-release-macos-x86_64 2.1.1 171.00 NOTE
r-release-windows-x86_64 2.1.1 51.00 204.00 255.00 OK
r-oldrel-macos-arm64 2.1.1 60.00 NOTE
r-oldrel-macos-x86_64 2.1.1 100.00 NOTE
r-oldrel-windows-ix86+x86_64 2.1.1 96.00 186.00 282.00 OK

Check Details

Version: 2.1.1
Check: Rd files
Result: NOTE
    checkRd: (-1) boot_eip.Rd:50: Escaped LaTeX specials: \&
    checkRd: (-1) constrained.Rd:93: Escaped LaTeX specials: \&
Flavors: r-devel-linux-x86_64-debian-clang, r-devel-linux-x86_64-debian-gcc, r-devel-linux-x86_64-fedora-clang, r-devel-linux-x86_64-fedora-gcc, r-devel-windows-x86_64

Version: 2.1.1
Check: dependencies in R code
Result: NOTE
    Namespaces in Imports field not imported from:
     ‘Rdpack’ ‘mathjaxr’
     All declared Imports should be used.
Flavors: r-devel-linux-x86_64-fedora-clang, r-devel-linux-x86_64-fedora-gcc, r-release-macos-arm64, r-release-macos-x86_64, r-oldrel-macos-arm64, r-oldrel-macos-x86_64