CRAN Package Check Results for Package GGIR

Last updated on 2024-06-14 03:57:20 CEST.

Flavor Version Tinstall Tcheck Ttotal Status Flags
r-devel-linux-x86_64-debian-clang 3.1-1 37.45 332.58 370.03 OK
r-devel-linux-x86_64-debian-gcc 3.1-1 1.61 1.87 3.48 ERROR
r-devel-linux-x86_64-fedora-clang 3.1-1 460.51 NOTE
r-devel-linux-x86_64-fedora-gcc 3.1-1 494.78 OK
r-devel-windows-x86_64 3.1-1 29.00 291.00 320.00 NOTE
r-patched-linux-x86_64 3.1-1 24.84 316.40 341.24 OK
r-release-linux-x86_64 3.1-1 24.45 313.81 338.26 OK
r-release-macos-arm64 3.1-1 179.00 NOTE
r-release-macos-x86_64 3.1-1 306.00 NOTE
r-release-windows-x86_64 3.1-1 28.00 316.00 344.00 NOTE
r-oldrel-macos-arm64 3.1-1 163.00 NOTE
r-oldrel-macos-x86_64 3.1-1 311.00 NOTE
r-oldrel-windows-x86_64 3.1-1 39.00 342.00 381.00 NOTE

Check Details

Version: 3.1-1
Check: package dependencies
Result: ERROR Packages required but not available: 'unisensR', 'lubridate', 'ActCR' Packages suggested but not available for checking: 'testthat', 'readxl' See section ‘The DESCRIPTION file’ in the ‘Writing R Extensions’ manual. Flavor: r-devel-linux-x86_64-debian-gcc

Version: 3.1-1
Check: installed package size
Result: NOTE installed size is 14.2Mb sub-directories of 1Mb or more: R 1.0Mb doc 11.5Mb Flavors: r-devel-linux-x86_64-fedora-clang, r-devel-windows-x86_64, r-release-macos-arm64, r-release-macos-x86_64, r-release-windows-x86_64, r-oldrel-macos-arm64, r-oldrel-macos-x86_64, r-oldrel-windows-x86_64