CRAN Package Check Results for Package GFD

Last updated on 2022-12-04 15:53:39 CET.

Flavor Version Tinstall Tcheck Ttotal Status Flags
r-devel-linux-x86_64-debian-clang 0.3.3 5.82 76.08 81.90 NOTE
r-devel-linux-x86_64-debian-gcc 0.3.3 5.72 57.55 63.27 NOTE
r-devel-linux-x86_64-fedora-clang 0.3.3 116.42 NOTE
r-devel-linux-x86_64-fedora-gcc 0.3.3 113.58 NOTE
r-devel-windows-x86_64 0.3.3 19.00 103.00 122.00 OK
r-patched-linux-x86_64 0.3.3 7.29 74.01 81.30 NOTE
r-release-linux-x86_64 0.3.3 6.71 74.50 81.21 NOTE
r-release-macos-arm64 0.3.3 29.00 NOTE
r-release-macos-x86_64 0.3.3 67.00 NOTE
r-release-windows-x86_64 0.3.3 93.00 111.00 204.00 OK
r-oldrel-macos-arm64 0.3.3 27.00 NOTE
r-oldrel-macos-x86_64 0.3.3 42.00 OK
r-oldrel-windows-ix86+x86_64 0.3.3 17.00 104.00 121.00 OK

Check Details

Version: 0.3.3
Check: package dependencies
Result: NOTE
    Package suggested but not available for checking: 'RGtk2'
Flavors: r-devel-linux-x86_64-debian-clang, r-devel-linux-x86_64-debian-gcc, r-devel-linux-x86_64-fedora-clang, r-devel-linux-x86_64-fedora-gcc, r-patched-linux-x86_64, r-release-linux-x86_64, r-release-macos-arm64, r-release-macos-x86_64, r-oldrel-macos-arm64