CRAN Package Check Results for Package GENEAclassify

Last updated on 2020-09-24 15:48:29 CEST.

Flavor Version Tinstall Tcheck Ttotal Status Flags
r-devel-linux-x86_64-debian-clang 1.5.1 6.01 45.28 51.29 OK
r-devel-linux-x86_64-debian-gcc 1.5.1 5.32 35.57 40.89 OK
r-devel-linux-x86_64-fedora-clang 1.5.1 69.85 NOTE
r-devel-linux-x86_64-fedora-gcc 1.5.1 65.42 OK
r-devel-windows-ix86+x86_64 1.5.1 13.00 70.00 83.00 OK
r-patched-linux-x86_64 1.5.1 6.85 43.28 50.13 OK
r-patched-solaris-x86 1.5.1 86.70 OK
r-release-linux-x86_64 1.5.1 6.68 43.48 50.16 OK
r-release-macos-x86_64 1.5.1 OK
r-release-windows-ix86+x86_64 1.5.1 12.00 72.00 84.00 OK
r-oldrel-macos-x86_64 1.5.1 OK
r-oldrel-windows-ix86+x86_64 1.5.1 9.00 50.00 59.00 OK

Check Details

Version: 1.5.1
Check: Rd cross-references
Result: NOTE
    Undeclared package ‘mmap’ in Rd xrefs
Flavor: r-devel-linux-x86_64-fedora-clang