CRAN Package Check Results for Package GEEmediate

Last updated on 2022-08-16 04:53:38 CEST.

Flavor Version Tinstall Tcheck Ttotal Status Flags
r-devel-linux-x86_64-debian-clang 1.1.3 1.68 22.40 24.08 NOTE
r-devel-linux-x86_64-debian-gcc 1.1.3 1.76 17.15 18.91 NOTE
r-devel-linux-x86_64-fedora-clang 1.1.3 41.86 NOTE
r-devel-linux-x86_64-fedora-gcc 1.1.3 41.39 NOTE
r-devel-windows-x86_64 1.1.3 11.00 45.00 56.00 NOTE
r-patched-linux-x86_64 1.1.3 1.87 21.28 23.15 NOTE
r-release-linux-x86_64 1.1.3 2.14 21.61 23.75 NOTE
r-release-macos-arm64 1.1.3 14.00 NOTE
r-release-macos-x86_64 1.1.3 21.00 NOTE
r-release-windows-x86_64 1.1.3 11.00 45.00 56.00 NOTE
r-oldrel-macos-arm64 1.1.3 19.00 NOTE
r-oldrel-macos-x86_64 1.1.3 25.00 NOTE
r-oldrel-windows-ix86+x86_64 1.1.3 6.00 44.00 50.00 NOTE

Check Details

Version: 1.1.3
Check: LazyData
Result: NOTE
     'LazyData' is specified without a 'data' directory
Flavors: r-devel-linux-x86_64-debian-clang, r-devel-linux-x86_64-debian-gcc, r-devel-linux-x86_64-fedora-clang, r-devel-linux-x86_64-fedora-gcc, r-devel-windows-x86_64, r-patched-linux-x86_64, r-release-linux-x86_64, r-release-macos-arm64, r-release-macos-x86_64, r-release-windows-x86_64, r-oldrel-macos-arm64, r-oldrel-macos-x86_64, r-oldrel-windows-ix86+x86_64