CRAN Package Check Results for Package GE

Last updated on 2020-08-13 15:51:03 CEST.

Flavor Version Tinstall Tcheck Ttotal Status Flags
r-devel-linux-x86_64-debian-clang 0.1.4 0.50 2.46 2.96 ERROR
r-devel-linux-x86_64-debian-gcc 0.1.4 5.15 45.13 50.28 OK
r-devel-linux-x86_64-fedora-clang 0.1.4 83.36 OK
r-devel-linux-x86_64-fedora-gcc 0.1.4 75.56 OK
r-devel-windows-ix86+x86_64 0.1.4 22.00 101.00 123.00 OK
r-patched-linux-x86_64 0.1.4 5.66 58.94 64.60 OK
r-patched-solaris-x86 0.1.4 107.30 OK
r-release-linux-x86_64 0.1.4 6.23 59.48 65.71 OK
r-release-macos-x86_64 0.1.4 OK
r-release-windows-ix86+x86_64 0.1.4 17.00 96.00 113.00 OK
r-oldrel-macos-x86_64 0.1.4 OK
r-oldrel-windows-ix86+x86_64 0.1.4 11.00 68.00 79.00 OK

Check Details

Version: 0.1.4
Check: package dependencies
Result: ERROR
    Package required but not available: 'DiagrammeR'
    
    See section 'The DESCRIPTION file' in the 'Writing R Extensions'
    manual.
Flavor: r-devel-linux-x86_64-debian-clang