CRAN Package Check Results for Package GAS

Last updated on 2020-12-01 04:47:35 CET.

Flavor Version Tinstall Tcheck Ttotal Status Flags
r-devel-linux-x86_64-debian-clang 0.3.3 598.03 85.10 683.13 OK
r-devel-linux-x86_64-debian-gcc 0.3.3 303.78 62.31 366.09 OK
r-devel-linux-x86_64-fedora-clang 0.3.3 775.96 NOTE
r-devel-linux-x86_64-fedora-gcc 0.3.3 687.50 OK
r-devel-windows-ix86+x86_64 0.3.3 1069.00 171.00 1240.00 NOTE
r-patched-linux-x86_64 0.3.3 799.46 82.08 881.54 OK
r-patched-solaris-x86 0.3.3 603.40 OK
r-release-linux-x86_64 0.3.3 797.15 80.70 877.85 OK
r-release-macos-x86_64 0.3.3 NOTE
r-release-windows-ix86+x86_64 0.3.3 1063.00 140.00 1203.00 NOTE
r-oldrel-macos-x86_64 0.3.3 NOTE
r-oldrel-windows-ix86+x86_64 0.3.3 784.00 164.00 948.00 OK

Check Details

Version: 0.3.3
Check: installed package size
Result: NOTE
     installed size is 12.4Mb
     sub-directories of 1Mb or more:
     data 1.4Mb
     libs 10.3Mb
Flavors: r-devel-linux-x86_64-fedora-clang, r-devel-windows-ix86+x86_64, r-release-macos-x86_64, r-release-windows-ix86+x86_64, r-oldrel-macos-x86_64