CRAN Package Check Results for Package GA

Last updated on 2020-09-30 15:47:57 CEST.

Flavor Version Tinstall Tcheck Ttotal Status Flags
r-devel-linux-x86_64-debian-clang 3.2 53.84 81.52 135.36 OK
r-devel-linux-x86_64-debian-gcc 3.2 38.46 59.22 97.68 OK
r-devel-linux-x86_64-fedora-clang 3.2 173.92 NOTE
r-devel-linux-x86_64-fedora-gcc 3.2 176.74 OK
r-devel-windows-ix86+x86_64 3.2 112.00 140.00 252.00 OK
r-patched-linux-x86_64 3.2 46.68 76.47 123.15 OK
r-patched-solaris-x86 3.2 176.90 OK
r-release-linux-x86_64 3.2 47.99 76.31 124.30 OK
r-release-macos-x86_64 3.2 NOTE
r-release-windows-ix86+x86_64 3.2 107.00 144.00 251.00 OK
r-oldrel-macos-x86_64 3.2 NOTE
r-oldrel-windows-ix86+x86_64 3.2 113.00 128.00 241.00 OK

Check Details

Version: 3.2
Check: installed package size
Result: NOTE
     installed size is 6.6Mb
     sub-directories of 1Mb or more:
     doc 1.7Mb
     libs 4.4Mb
Flavors: r-devel-linux-x86_64-fedora-clang, r-release-macos-x86_64, r-oldrel-macos-x86_64