CRAN Package Check Results for Package FuncNN

Last updated on 2020-12-01 04:47:35 CET.

Flavor Version Tinstall Tcheck Ttotal Status Flags
r-devel-linux-x86_64-debian-clang 1.0 20.16 124.71 144.87 OK
r-devel-linux-x86_64-debian-gcc 1.0 14.70 100.13 114.83 OK
r-devel-linux-x86_64-fedora-clang 1.0 201.02 NOTE
r-devel-linux-x86_64-fedora-gcc 1.0 178.72 NOTE
r-devel-windows-ix86+x86_64 1.0 44.00 154.00 198.00 OK
r-patched-linux-x86_64 1.0 17.25 117.75 135.00 OK
r-patched-solaris-x86 1.0 251.60 NOTE
r-release-linux-x86_64 1.0 16.02 115.79 131.81 OK
r-release-macos-x86_64 1.0 NOTE
r-release-windows-ix86+x86_64 1.0 40.00 112.00 152.00 OK
r-oldrel-macos-x86_64 1.0 NOTE
r-oldrel-windows-ix86+x86_64 1.0 34.00 139.00 173.00 OK

Check Details

Version: 1.0
Check: dependencies in R code
Result: NOTE
    Namespace in Imports field not imported from: ‘foreach’
     All declared Imports should be used.
Flavors: r-devel-linux-x86_64-fedora-clang, r-devel-linux-x86_64-fedora-gcc, r-patched-solaris-x86, r-release-macos-x86_64, r-oldrel-macos-x86_64